 2*l - 11 - 4*l + 7. Give b(1).
-6
Let y be -8*5/30*-3. Let m(l) = 2 + y - 6 + l**2 - 2*l - 7. Determine m(6).
17
Let q(f) = 16*f**3 + 30*f**2 + 28*f - 28. Let a(n) = -9*n**3 - 15*n**2 - 14*n + 14. Let u(r) = -7*a(r) - 4*q(r). What is u(-14)?
14
Let u(h) be the first derivative of -h**4/4 - 11*h**3/3 - 9*h**2/2 + 8*h + 162. What is u(-10)?
-2
Suppose 2*d + 0 = -8. Let t be d/16 - (45/12)/5. Let o(v) = 4*v. Give o(t).
-4
Let m(n) = -n**3 - n**2 - n + 1. Let z(a) = 2*a**3 + 2*a**2 + 3. Let r(l) = m(l) - z(l). Suppose -22 = 6*o + 5*o. What is r(o)?
12
Let b(f) be the first derivative of -1/6*f**3 + 0*f - 4 + 0*f**4 - 1/12*f**5 - 3/2*f**2 + 1/120*f**6. Let r(i) be the second derivative of b(i). Determine r(5).
-1
Suppose -l = -5*j + 34, 3*j - 2*l - 19 = -0*l. Let p(q) = q**3 - 6*q**2 - 6*q - 5. Give p(j).
2
Let w(k) be the third derivative of -5*k**2 + 0*k + 1/120*k**6 + 1/6*k**3 + 1/30*k**5 + 0 - 1/24*k**4. Calculate w(-3).
-5
Suppose -5*h - 17 = 4*d, 5*d - h - 3 - 12 = 0. Let k(l) = 3*l**2 - 6 - 12*l + 0 + 0 - 2*l**d. Let g be k(13). Let p(v) = -v + 4. What is p(g)?
-3
Let d(n) = -4*n**2 + 12 - 5*n + n**3 - 5 - 2*n. Let x(q) = q + 10. Let w be x(-12). Let z be ((-1)/1)/(w/10). Calculate d(z).
-3
Let i(h) = 3*h**3 - 2*h - 1. Let s = 23 - 13. Suppose -4*y + 6 = s. What is i(y)?
-2
Let l = 58 - 65. Let x(m) = -3*m**2 - 11*m + 8. Let o(s) = 5*s**2 + 21*s - 15. Let q(z) = l*x(z) - 4*o(z). Give q(5).
-6
Let j be (21/(-42))/((-2)/(-12)). Let m be -2*2/(-4)*j. Let h(a) = -a**3 + a + 1. Let z(c) = -4*c**3 + 6*c + 4. Let v(l) = -3*h(l) + z(l). Calculate v(m).
19
Let l(w) = w + 9. Let z = -10 + 16. Let g(b) = 3*b - 7. Let t be g(z). Suppose t*k - 14*k = 15. Determine l(k).
4
Suppose 0 = -2*o + 458 - 144. Let r = o + -159. Let f(g) be the third derivative of -g**4/8 - g**3/3 + 2*g**2. Give f(r).
4
Let m be -2*(-1 - (3 + -2)). Let s(q) = -q + 2. Let p(t) be the third derivative of -t**4/24 + t**3/3 - t**2. Let z(g) = 4*p(g) - 5*s(g). Calculate z(m).
2
Let b(m) = -m**3 + 5*m**2 - 21*m + 5. Let p(r) = 5*r + 1. Let o(s) = b(s) + 3*p(s). Give o(4).
0
Let s(d) = d**3 - 2*d**2 + 2*d + 2. Let a be 2/7 + (-549)/(-63). Suppose 1 = -4*l + a. Determine s(l).
6
Let n = 84 - 90. Let b(k) be the second derivative of -k**5/20 - 7*k**4/12 - k**3 - 4*k**2 - 4*k. Give b(n).
-8
Let x(u) = 8*u - 8*u + 0*u + u + 1. Determine x(-5).
-4
Let j(z) = -4*z**3 - 2*z**2 + z. Suppose 137 - 139 = -2*s. Give j(s).
-5
Let f(w) = -13*w - 1. Let u be f(-12). Let x = u - 220. Let n be (-56)/(-26) - (-10)/x. Let b(l) = -l**2 + 3*l + 2. Give b(n).
4
Let g(n) = -n**3 - 7*n**2 - 7*n - 2. Let c be g(-6). Suppose c*o + 4*q = 3*q + 25, -4*o + 3*q + 37 = 0. Let b(z) = z**2 + 0 - 12 + o + z. Give b(-4).
7
Let v = -2 + 2. Suppose v*s + s - 2 = 0. Let n(g) = -g**3 + 1 - 7*g + 7*g - 5*g + 2*g**2 + 4*g. Determine n(s).
-1
Let w(y) = y**2 - 7*y. Suppose 6*u = u + 45. Suppose r - 2*m + 2 = 9, 5*m + 37 = -4*r. Let c be u*((-7)/3 - r). Determine w(c).
-6
Let c be (-18)/(-63)*(8 - 1). Suppose 4*s - 20 = 0, 4*s = -c*f - 114 + 326. Let l(a) = -1 + 0*a - a**3 - 101*a**2 + f*a**2 - 5*a. Give l(-4).
3
Let x(g) = -4*g**2 - 15*g - 26. Let d(h) = -h**2 - 4*h - 8. Let q(b) = 7*d(b) - 2*x(b). Determine q(3).
11
Let a(n) = -3*n**3 - 5*n**2 - 3*n + 2. Let k(x) = x**3 - x + 1. Let m(c) = a(c) + 4*k(c). Let h = 3 - -3. Calculate m(h).
0
Let m(c) = -17*c**2 - 17*c + 11. Let d(s) = 3*s**2 + s - 3. Let r(h) = -6*d(h) - m(h). Determine r(12).
-5
Suppose -3*j - 5*i + 57 - 13 = 0, 52 = 4*j + 5*i. Let f = j + -8. Let k(g) = g - 5 - 2 + 4. Calculate k(f).
-3
Suppose 40*w = 86 + 314. Let d(r) = -r**3 + 10*r**2 - r - 11. Give d(w).
-21
Let l(j) = -j**3 - j**2 - j - 5. Suppose 0*k + 8 = 2*k. Let q be k/(-14)*(-7)/1. Suppose w - 3 = -t, -q*t = -5*t + 9. What is l(w)?
-5
Let h(m) = -m**2 + m + 1. Let k(g) = g**3 - 2*g**2 + g + 2. Let j = -8 + 8. Let c be 2/(j + -3 + 1). Let x(l) = c*k(l) + 4*h(l). Give x(-3).
2
Let k(q) = q**3 - 6*q**2 - 5*q - 5. Suppose 0 = -3*x - 0*x + p + 4, 2*p + 8 = 2*x. Suppose x = 3*s - 6*s. Suppose -6*a + a + 35 = s. Give k(a).
9
Let b = 1 + -1. Suppose 11 = 12*c - 1. Suppose -w = -b + c. Let f(g) = g**2 - g. Calculate f(w).
2
Let r(l) = -l**2 - 12*l - 21. Let i be r(-9). Suppose 3*k = i*k - 9. Suppose q = -k*t + 11, 2*q + 2*t + 0 - 2 = 0. Let h(c) = c**2 + c - 2. What is h(q)?
10
Let y(v) be the second derivative of -2*v**3 - 15/2*v**2 + 5/6*v**4 + 1/20*v**5 + 12*v + 0. Calculate y(-11).
-4
Let u(x) = 6*x - 63. Let s(a) = 64*a + 1098. Let t be s(-17). Calculate u(t).
-3
Let l = -18 + 20. Let h = 5 - l. Let y(v) = 3 - 1 + 5*v - 6. Calculate y(h).
11
Let c(x) = 6*x**2 - 3*x - 1. Let u(n) = -17*n**2 + 8*n + 3. Let p(s) = -8*c(s) - 3*u(s). What is p(-1)?
2
Suppose o + 11*c - 16 = 12*c, -3*c = 4*o - 50. Let x(r) = -r + 11. Calculate x(o).
-3
Let s(c) = c**3 - 7*c**2 + 6*c + 2. Let j be ((-48)/40)/((-1)/5). Let d be s(j). Let m(y) = 3*y - 4*y - y + 1 - 8*y**d. What is m(1)?
-9
Let g(q) = -4*q**2 + 11*q - 4*q**3 + 16*q**3 - 11*q**3 + 16*q**2 - 9. Give g(-11).
-9
Let i(x) = -x + 1. Suppose -3*v + 20 = 8. Let k(z) be the second derivative of -z**3/3 + 7*z**2/2 - z. Let u(d) = v*i(d) - k(d). What is u(-5)?
7
Let j(o) = -o**3 - 7*o**2 + o - 2. Suppose 3 = 3*t - 6. Suppose 4*h + 0*h = 2*g - 30, 5*g = -t*h - 16. What is j(h)?
-9
Let j be (18/12 - 2)*16. Let y(s) = -s - 11. What is y(j)?
-3
Let m = 90 + -74. Let h(g) = -18 - 2*g**2 + g**2 - 4*g + m. Give h(-4).
-2
Let k(r) be the second derivative of -r**3/6 - 5*r. Let w be k(0). Suppose w = -b - q - 0*q + 1, b - 3*q = 17. Let x(l) = -l - 3. Determine x(b).
-8
Let g(f) be the first derivative of f - 9. Let l(z) = z**2 - 5*z - 1. Let c(r) = -g(r) + l(r). What is c(5)?
-2
Let c be (88/36)/((-10)/(-45)). Let g(z) = z**2 - 4*z - 12. Give g(c).
65
Let p(d) be the second derivative of -d**4/12 - 13*d**3/6 - 7*d**2 - 63*d - 2. Determine p(-13).
-14
Let l = -15 + 20. Suppose -3*z = -l*z + 6. Let n(i) = z*i + 3*i - 4 - 3*i + 3*i**2 - i**3. What is n(3)?
5
Let r(i) = -i**2 + 3*i - 8. Let h = -21 + 24. Let y be r(h). Let a(p) = -p**3 - 7*p**2 + 9*p. Give a(y).
-8
Let u be 1/6 + ((-2023)/42)/(-17). Let d(i) = 3*i. Calculate d(u).
9
Let i(h) = -h**3 - 4*h**2 - h - 11. Let k(y) = -12 + 3*y**3 - y - 11 - 3*y**3 - 2*y**3 - 7*y**2. Let q(j) = -5*i(j) + 2*k(j). Give q(-6).
-9
Let j = -202 + 203. Let g(h) = -10*h**3 + 2*h**2 - h. Give g(j).
-9
Let o(r) = r**2 + 9*r - 8. Let f = -628 - -617. What is o(f)?
14
Let v = 11 + -7. Suppose -2*p - 16 = -v*a, 0*p + 5*p - 15 = -a. Suppose -14 = -p*i - 0*i. Let o(r) = r**2 - 8*r + 4. Calculate o(i).
-3
Let h(i) = -2*i + 6. Let q(l) = 74 + 63 - 120 - 6*l. Let f(o) = 17*h(o) - 6*q(o). Calculate f(4).
8
Let f be (-24)/(-18) + 4/6. Suppose -a - 1 = -p, 0*a + f*a = -3*p + 28. Let d(h) = 4*h**2 - 18*h - 4 + 2*h**2 - h**3 + 19*h. Calculate d(p).
2
Let p(g) be the second derivative of g**5/20 + g**4/12 + g**3/3 + 3*g**2/2 + 4*g. Let a = -21 - -19. Let i be (a/6)/(6/(-18)) - 3. Give p(i).
-5
Let b(m) = -6*m + 9. Let o be b(4). Let y be o/(-10)*8/6. Let t(i) = y - 2*i**3 + 0 + i**3 + 5*i**2 - 3*i**2. Determine t(2).
2
Suppose 5*a + 3 + 6 = -d, -4*a = -3*d + 68. Suppose -15*n = -d*n + 2. Let s(v) = 2*v + 2. Give s(n).
6
Let w(f) be the first derivative of -f**4/4 + 7*f**3/3 - 9*f**2/2 - 4*f - 151. What is w(5)?
1
Let m(z) be the first derivative of -z**4/4 - z**3 - 9*z**2/2 + 5*z - 9. Let r(a) = a**2 - a. Let b(g) = -m(g) + 4*r(g). Let y = 9 - 15. What is b(y)?
1
Let t(l) = -3*l - 23. Let q(g) = 3*g + 21. Let d(k) = -6*q(k) - 5*t(k). Determine d(-11).
22
Let x(d) = -d**3 - d**2 - d - 3. Let i(m) = -m**2 + 2*m + 8. Let t be i(4). Suppose b = -t*b. Calculate x(b).
-3
Let a(z) = -z**2 + 7*z - 5. Let l(n) = n**2 - 7*n + 6. Suppose -23*d + 25*d = -8. Let p(w) = d*a(w) - 3*l(w). Determine p(5).
-8
Let t(v) = -8*v**2 - 9*v. Let k(j) = -14*j**2 - 17*j. Let r(i) = -6*k(i) + 11*t(i). What is r(2)?
-10
Let o(g) = 3*g + 4. Let s be o(0). Let m(l) be the first derivative of 4*l + 0*l**2 + l**2 - 4 - 2*l**2. Determine m(s).
-4
Let i be 11/(-2) - (-5)/(-10). Let w(p) = p**3 + 7*p**2 + 9*p + 12. Let f be w(i). Let m(b) = -b + 1. Determine m(f).
7
Suppose -13*f = -11*f - 2. Let c(r) = 3 + 4 - f + 4*r - 5. Determine c(2).
9
Let n(h) = -11*h. Suppose -538*c + 535*c = -9. What is n